{"id":10703,"date":"2025-01-13T18:03:03","date_gmt":"2025-01-13T18:03:03","guid":{"rendered":"https:\/\/villavinea.com\/?page_id=10703"},"modified":"2025-01-13T19:20:21","modified_gmt":"2025-01-13T19:20:21","slug":"home","status":"publish","type":"page","link":"https:\/\/villavinea.com\/index.php\/en\/home\/","title":{"rendered":"Home"},"content":{"rendered":"\n<div style=\"position: relative; overflow: hidden; width: 100%;; padding-top: 40%\">\n<iframe style=\"position: absolute; top: 0; left: 0; bottom: 0; right: 0; width: 100%; height: 100%\" src=\"https:\/\/www.youtube-nocookie.com\/embed\/Aii1p8vWK3k?si=B5hSZSijYtTuwWNu\" title=\"YouTube video player\" frameborder=\"0\" allow=\"accelerometer; autoplay; clipboard-write; encrypted-media; gyroscope; picture-in-picture; web-share\" referrerpolicy=\"strict-origin-when-cross-origin\" allowfullscreen><\/iframe>\n<\/div>\n\n\n\n<h2 class=\"wp-block-heading\">The flavor of T\u00e2rnave<\/h2>\n\n\n\n<p>Located in the village of Mica, 15 km from T\u00e2rn\u0103veni, the Villa Vin\u00e8a winery cultivates 70 hectares of vineyards, planted with 12 local and international varieties, including Feteasc\u0103 Regal\u0103, Feteasc\u0103 Alb\u0103, Gew\u00fcrztraminer or Kerner. The impressive terroir, production methods and passion make the wines from T\u00e2rn\u0103ve from Villa Vin\u00e8a highly appreciated for their quality, flavor and minerality. <a href=\"https:\/\/villavinea.com\/index.php\/shop-ro-2\/\">See all wines in the collection<\/a><\/p>\n\n\n\n<figure class=\"wp-block-gallery alignfull has-nested-images columns-default is-cropped wp-block-gallery-1 is-layout-flex wp-block-gallery-is-layout-flex\">\n<figure class=\"wp-block-image size-large\"><img fetchpriority=\"high\" decoding=\"async\" width=\"1766\" height=\"1176\" data-id=\"9936\" src=\"https:\/\/villavinea.com\/wp-content\/uploads\/2019\/10\/2.jpg\" alt=\"\" class=\"wp-image-9936\"\/><\/figure>\n\n\n\n<figure class=\"wp-block-image size-large\"><img decoding=\"async\" width=\"1280\" height=\"853\" data-id=\"9935\" src=\"https:\/\/villavinea.com\/wp-content\/uploads\/2019\/10\/1.jpg\" alt=\"turn crama\" class=\"wp-image-9935\"\/><\/figure>\n\n\n\n<figure class=\"wp-block-image size-large\"><img decoding=\"async\" width=\"1766\" height=\"1196\" data-id=\"9939\" src=\"https:\/\/villavinea.com\/wp-content\/uploads\/2019\/10\/3.jpg\" alt=\"\" class=\"wp-image-9939\"\/><\/figure>\n\n\n\n<figure class=\"wp-block-image size-large\"><img loading=\"lazy\" decoding=\"async\" width=\"2048\" height=\"1365\" data-id=\"9940\" src=\"https:\/\/villavinea.com\/wp-content\/uploads\/2019\/05\/4.jpg\" alt=\"\" class=\"wp-image-9940\"\/><\/figure>\n\n\n\n<figure class=\"wp-block-image size-large\"><img loading=\"lazy\" decoding=\"async\" width=\"2560\" height=\"1708\" data-id=\"9941\" src=\"https:\/\/villavinea.com\/wp-content\/uploads\/2019\/05\/5-scaled-1.jpg\" alt=\"\" class=\"wp-image-9941\"\/><\/figure>\n\n\n\n<figure class=\"wp-block-image size-large\"><img decoding=\"async\" data-id=\"9942\" src=\"https:\/\/villavinea.com\/wp-content\/uploads\/2019\/10\/6.jpg\" alt=\"\" class=\"wp-image-9942\"\/><\/figure>\n<\/figure>\n\n\n\n<h2 class=\"wp-block-heading\">About Us<\/h2>\n\n\n\n<p>The story of Villa Vinea began in 2004, when Heiner Oberrauch discovered in the middle of Transylvania, near the city of T\u00eergu-Mure\u0219, a beautiful and promising place for quality wines.<\/p>\n\n\n\n<p>\u201cI fell in love with this area instantly and to this day I remember the first time I saw it: the enchanting landscape along the T\u00e2rnava Mic\u0103 River, bathed in a delicate light, with hills that reminded me of Tuscany. I decided to make it my home, to start a vineyard and to create unique wines with a special character, memorable for those who taste them\u201d<br><strong>\u2013 Heiner Oberrauch, owner of Villa Vinea.<\/strong><\/p>\n\n\n\n<p>The area is not only beautiful but also unique for vineyards, as well as climatic and geological conditions. The southwest-facing slopes with heights of over 300 meters offer the vines light and natural protection against the spring and autumn winds, and the brown soil with alternating layers of clay, impermeable marble, sandstone and sand, preserves heat and humidity. In T\u00e2rnave, the foggy days that begin at the end of summer and continue until September and October, contribute to a slow ripening of the grapes, enhancing their aromas and acidity.<\/p>\n\n\n\n<p>This blend of local \/ international experiences has also characterized the collaboration of the two winemakers &#8211; Celestino Lucin, declared oenologist of the year 2009 in Italy by the famous magazine Gambero Rosso &#8211; and Denes Mihaly, born and professionally dedicated to the vineyards of T\u00e2rnave; the two, together, have succeeded in recent years, after a decade of effort, to produce several memorable and representative series of wines for this area.<\/p>\n\n\n\n<p><\/p>\n","protected":false},"excerpt":{"rendered":"<p>The flavor of T\u00e2rnave Located in the village of Mica, &hellip;<\/p>\n","protected":false},"author":1,"featured_media":0,"parent":0,"menu_order":0,"comment_status":"closed","ping_status":"closed","template":"","meta":{"footnotes":""},"class_list":["post-10703","page","type-page","status-publish","hentry"],"yoast_head":"<!-- This site is optimized with the Yoast SEO plugin v27.4 - https:\/\/yoast.com\/product\/yoast-seo-wordpress\/ -->\n<title>Home - Villa Vinea<\/title>\n<meta name=\"robots\" content=\"index, follow, max-snippet:-1, max-image-preview:large, max-video-preview:-1\" \/>\n<link rel=\"canonical\" href=\"https:\/\/villavinea.com\/index.php\/en\/home\/\" \/>\n<meta property=\"og:locale\" content=\"en_US\" \/>\n<meta property=\"og:type\" content=\"article\" \/>\n<meta property=\"og:title\" content=\"Home - Villa Vinea\" \/>\n<meta property=\"og:description\" content=\"The flavor of T\u00e2rnave Located in the village of Mica, &hellip;\" \/>\n<meta property=\"og:url\" content=\"https:\/\/villavinea.com\/index.php\/en\/home\/\" \/>\n<meta property=\"og:site_name\" content=\"Villa Vinea\" \/>\n<meta property=\"article:publisher\" content=\"https:\/\/www.facebook.com\/VillaVinea\" \/>\n<meta property=\"article:modified_time\" content=\"2025-01-13T19:20:21+00:00\" \/>\n<meta property=\"og:image\" content=\"https:\/\/villavinea.com\/wp-content\/uploads\/2019\/10\/2.jpg\" \/>\n<meta name=\"twitter:card\" content=\"summary_large_image\" \/>\n<meta name=\"twitter:label1\" content=\"Est. reading time\" \/>\n\t<meta name=\"twitter:data1\" content=\"6 minutes\" \/>\n<script type=\"application\/ld+json\" class=\"yoast-schema-graph\">{\"@context\":\"https:\\\/\\\/schema.org\",\"@graph\":[{\"@type\":\"WebPage\",\"@id\":\"https:\\\/\\\/villavinea.com\\\/index.php\\\/en\\\/home\\\/\",\"url\":\"https:\\\/\\\/villavinea.com\\\/index.php\\\/en\\\/home\\\/\",\"name\":\"Home - Villa Vinea\",\"isPartOf\":{\"@id\":\"https:\\\/\\\/villavinea.com\\\/#website\"},\"primaryImageOfPage\":{\"@id\":\"https:\\\/\\\/villavinea.com\\\/index.php\\\/en\\\/home\\\/#primaryimage\"},\"image\":{\"@id\":\"https:\\\/\\\/villavinea.com\\\/index.php\\\/en\\\/home\\\/#primaryimage\"},\"thumbnailUrl\":\"https:\\\/\\\/villavinea.com\\\/wp-content\\\/uploads\\\/2019\\\/10\\\/2.jpg\",\"datePublished\":\"2025-01-13T18:03:03+00:00\",\"dateModified\":\"2025-01-13T19:20:21+00:00\",\"breadcrumb\":{\"@id\":\"https:\\\/\\\/villavinea.com\\\/index.php\\\/en\\\/home\\\/#breadcrumb\"},\"inLanguage\":\"en-US\",\"potentialAction\":[{\"@type\":\"ReadAction\",\"target\":[\"https:\\\/\\\/villavinea.com\\\/index.php\\\/en\\\/home\\\/\"]}]},{\"@type\":\"ImageObject\",\"inLanguage\":\"en-US\",\"@id\":\"https:\\\/\\\/villavinea.com\\\/index.php\\\/en\\\/home\\\/#primaryimage\",\"url\":\"https:\\\/\\\/villavinea.com\\\/wp-content\\\/uploads\\\/2019\\\/10\\\/2.jpg\",\"contentUrl\":\"https:\\\/\\\/villavinea.com\\\/wp-content\\\/uploads\\\/2019\\\/10\\\/2.jpg\",\"width\":1766,\"height\":1176,\"caption\":\"Crama\"},{\"@type\":\"BreadcrumbList\",\"@id\":\"https:\\\/\\\/villavinea.com\\\/index.php\\\/en\\\/home\\\/#breadcrumb\",\"itemListElement\":[{\"@type\":\"ListItem\",\"position\":1,\"name\":\"Home\",\"item\":\"https:\\\/\\\/villavinea.com\\\/\"},{\"@type\":\"ListItem\",\"position\":2,\"name\":\"Home\"}]},{\"@type\":\"WebSite\",\"@id\":\"https:\\\/\\\/villavinea.com\\\/#website\",\"url\":\"https:\\\/\\\/villavinea.com\\\/\",\"name\":\"Villa Vinea\",\"description\":\"\",\"publisher\":{\"@id\":\"https:\\\/\\\/villavinea.com\\\/#organization\"},\"potentialAction\":[{\"@type\":\"SearchAction\",\"target\":{\"@type\":\"EntryPoint\",\"urlTemplate\":\"https:\\\/\\\/villavinea.com\\\/?s={search_term_string}\"},\"query-input\":{\"@type\":\"PropertyValueSpecification\",\"valueRequired\":true,\"valueName\":\"search_term_string\"}}],\"inLanguage\":\"en-US\"},{\"@type\":\"Organization\",\"@id\":\"https:\\\/\\\/villavinea.com\\\/#organization\",\"name\":\"Villa Vinea\",\"url\":\"https:\\\/\\\/villavinea.com\\\/\",\"logo\":{\"@type\":\"ImageObject\",\"inLanguage\":\"en-US\",\"@id\":\"https:\\\/\\\/villavinea.com\\\/#\\\/schema\\\/logo\\\/image\\\/\",\"url\":\"https:\\\/\\\/villavinea.com\\\/wp-content\\\/uploads\\\/2024\\\/07\\\/Logo-Villa-Vinea.png\",\"contentUrl\":\"https:\\\/\\\/villavinea.com\\\/wp-content\\\/uploads\\\/2024\\\/07\\\/Logo-Villa-Vinea.png\",\"width\":1525,\"height\":508,\"caption\":\"Villa Vinea\"},\"image\":{\"@id\":\"https:\\\/\\\/villavinea.com\\\/#\\\/schema\\\/logo\\\/image\\\/\"},\"sameAs\":[\"https:\\\/\\\/www.facebook.com\\\/VillaVinea\",\"https:\\\/\\\/www.instagram.com\\\/villavinearomania\\\/\",\"https:\\\/\\\/www.youtube.com\\\/@VillaVineaMures\"]}]}<\/script>\n<!-- \/ Yoast SEO plugin. -->","yoast_head_json":{"title":"Home - Villa Vinea","robots":{"index":"index","follow":"follow","max-snippet":"max-snippet:-1","max-image-preview":"max-image-preview:large","max-video-preview":"max-video-preview:-1"},"canonical":"https:\/\/villavinea.com\/index.php\/en\/home\/","og_locale":"en_US","og_type":"article","og_title":"Home - Villa Vinea","og_description":"The flavor of T\u00e2rnave Located in the village of Mica, &hellip;","og_url":"https:\/\/villavinea.com\/index.php\/en\/home\/","og_site_name":"Villa Vinea","article_publisher":"https:\/\/www.facebook.com\/VillaVinea","article_modified_time":"2025-01-13T19:20:21+00:00","og_image":[{"url":"https:\/\/villavinea.com\/wp-content\/uploads\/2019\/10\/2.jpg","type":"","width":"","height":""}],"twitter_card":"summary_large_image","twitter_misc":{"Est. reading time":"6 minutes"},"schema":{"@context":"https:\/\/schema.org","@graph":[{"@type":"WebPage","@id":"https:\/\/villavinea.com\/index.php\/en\/home\/","url":"https:\/\/villavinea.com\/index.php\/en\/home\/","name":"Home - Villa Vinea","isPartOf":{"@id":"https:\/\/villavinea.com\/#website"},"primaryImageOfPage":{"@id":"https:\/\/villavinea.com\/index.php\/en\/home\/#primaryimage"},"image":{"@id":"https:\/\/villavinea.com\/index.php\/en\/home\/#primaryimage"},"thumbnailUrl":"https:\/\/villavinea.com\/wp-content\/uploads\/2019\/10\/2.jpg","datePublished":"2025-01-13T18:03:03+00:00","dateModified":"2025-01-13T19:20:21+00:00","breadcrumb":{"@id":"https:\/\/villavinea.com\/index.php\/en\/home\/#breadcrumb"},"inLanguage":"en-US","potentialAction":[{"@type":"ReadAction","target":["https:\/\/villavinea.com\/index.php\/en\/home\/"]}]},{"@type":"ImageObject","inLanguage":"en-US","@id":"https:\/\/villavinea.com\/index.php\/en\/home\/#primaryimage","url":"https:\/\/villavinea.com\/wp-content\/uploads\/2019\/10\/2.jpg","contentUrl":"https:\/\/villavinea.com\/wp-content\/uploads\/2019\/10\/2.jpg","width":1766,"height":1176,"caption":"Crama"},{"@type":"BreadcrumbList","@id":"https:\/\/villavinea.com\/index.php\/en\/home\/#breadcrumb","itemListElement":[{"@type":"ListItem","position":1,"name":"Home","item":"https:\/\/villavinea.com\/"},{"@type":"ListItem","position":2,"name":"Home"}]},{"@type":"WebSite","@id":"https:\/\/villavinea.com\/#website","url":"https:\/\/villavinea.com\/","name":"Villa Vinea","description":"","publisher":{"@id":"https:\/\/villavinea.com\/#organization"},"potentialAction":[{"@type":"SearchAction","target":{"@type":"EntryPoint","urlTemplate":"https:\/\/villavinea.com\/?s={search_term_string}"},"query-input":{"@type":"PropertyValueSpecification","valueRequired":true,"valueName":"search_term_string"}}],"inLanguage":"en-US"},{"@type":"Organization","@id":"https:\/\/villavinea.com\/#organization","name":"Villa Vinea","url":"https:\/\/villavinea.com\/","logo":{"@type":"ImageObject","inLanguage":"en-US","@id":"https:\/\/villavinea.com\/#\/schema\/logo\/image\/","url":"https:\/\/villavinea.com\/wp-content\/uploads\/2024\/07\/Logo-Villa-Vinea.png","contentUrl":"https:\/\/villavinea.com\/wp-content\/uploads\/2024\/07\/Logo-Villa-Vinea.png","width":1525,"height":508,"caption":"Villa Vinea"},"image":{"@id":"https:\/\/villavinea.com\/#\/schema\/logo\/image\/"},"sameAs":["https:\/\/www.facebook.com\/VillaVinea","https:\/\/www.instagram.com\/villavinearomania\/","https:\/\/www.youtube.com\/@VillaVineaMures"]}]}},"jetpack_sharing_enabled":true,"_links":{"self":[{"href":"https:\/\/villavinea.com\/index.php\/wp-json\/wp\/v2\/pages\/10703","targetHints":{"allow":["GET"]}}],"collection":[{"href":"https:\/\/villavinea.com\/index.php\/wp-json\/wp\/v2\/pages"}],"about":[{"href":"https:\/\/villavinea.com\/index.php\/wp-json\/wp\/v2\/types\/page"}],"author":[{"embeddable":true,"href":"https:\/\/villavinea.com\/index.php\/wp-json\/wp\/v2\/users\/1"}],"replies":[{"embeddable":true,"href":"https:\/\/villavinea.com\/index.php\/wp-json\/wp\/v2\/comments?post=10703"}],"version-history":[{"count":7,"href":"https:\/\/villavinea.com\/index.php\/wp-json\/wp\/v2\/pages\/10703\/revisions"}],"predecessor-version":[{"id":10717,"href":"https:\/\/villavinea.com\/index.php\/wp-json\/wp\/v2\/pages\/10703\/revisions\/10717"}],"wp:attachment":[{"href":"https:\/\/villavinea.com\/index.php\/wp-json\/wp\/v2\/media?parent=10703"}],"curies":[{"name":"wp","href":"https:\/\/api.w.org\/{rel}","templated":true}]}}