{"id":11189,"date":"2026-03-16T12:54:18","date_gmt":"2026-03-16T12:54:18","guid":{"rendered":"https:\/\/villavinea.com\/?post_type=product&#038;p=11189"},"modified":"2026-03-16T14:14:01","modified_gmt":"2026-03-16T14:14:01","slug":"pachet-m","status":"publish","type":"product","link":"https:\/\/villavinea.com\/index.php\/product\/pachet-m\/","title":{"rendered":"Pachet C\u0103mara Transilv\u0103nean\u0103"},"content":{"rendered":"<p>Pachetul\u00a0<span class=\"dia_suggestion w1\" contextmenu=\"true\">con\u021bine<\/span>:<\/p>\n<p>&nbsp;<\/p>\n<p>&nbsp;<\/p>\n<p><span class=\"dia_suggestion w2\" contextmenu=\"true\">Cutie<\/span>\u00a0de lemn<\/p>\n<p>Borcan cu miere <span class=\"dia_suggestion w12\" contextmenu=\"true\"> Transylvania&#8217;s Finest Foods<\/span><\/p>\n<p>Borcan cu\u00a0<span class=\"dia_suggestion w10\" contextmenu=\"true\">dulcea\u021b\u0103 <span class=\"dia_suggestion w12\" contextmenu=\"true\"> Transylvania&#8217;s Finest Foods<\/span><\/span><\/p>\n<p>Praline de\u00a0<span class=\"dia_suggestion w13\" contextmenu=\"true\">ciocolat\u0103 by Ingres Chocolate<\/span><\/p>\n<p>Borcan cu\u00a0<span class=\"dia_suggestion w16\" contextmenu=\"true\">zacusc\u0103 <span class=\"dia_suggestion w12\" contextmenu=\"true\"> Transylvania&#8217;s Finest Foods<\/span><\/span><\/p>\n<p><span class=\"dia_suggestion w17\" contextmenu=\"true\">Sticl\u0103<\/span>\u00a0Kerner Premium<\/p>\n<p><span class=\"dia_suggestion w17\" contextmenu=\"true\">Sticl\u0103<\/span>\u00a0<span class=\"dia_suggestion w21\" contextmenu=\"true\">Rose<\/span>\u00a0Celest<\/p>\n","protected":false},"excerpt":{"rendered":"<p>Pachetul\u00a0con\u021bine: &nbsp; &nbsp; Cutie\u00a0de lemn Borcan cu miere Transylvania&#8217;s Finest &hellip;<\/p>\n","protected":false},"featured_media":11190,"comment_status":"open","ping_status":"closed","template":"","meta":[],"product_brand":[],"product_cat":[285,15],"product_tag":[],"class_list":{"0":"post-11189","1":"product","2":"type-product","3":"status-publish","4":"has-post-thumbnail","6":"product_cat-pachete-promotionale","7":"product_cat-uncategorized","9":"first","10":"instock","11":"sale","12":"taxable","13":"shipping-taxable","14":"purchasable","15":"product-type-simple"},"yoast_head":"<!-- This site is optimized with the Yoast SEO plugin v27.4 - https:\/\/yoast.com\/product\/yoast-seo-wordpress\/ -->\n<title>Pachet C\u0103mara Transilv\u0103nean\u0103 - Villa Vinea<\/title>\n<meta name=\"robots\" content=\"index, follow, max-snippet:-1, max-image-preview:large, max-video-preview:-1\" \/>\n<link rel=\"canonical\" href=\"https:\/\/villavinea.com\/index.php\/product\/pachet-m\/\" \/>\n<meta property=\"og:locale\" content=\"en_US\" \/>\n<meta property=\"og:type\" content=\"article\" \/>\n<meta property=\"og:title\" content=\"Pachet C\u0103mara Transilv\u0103nean\u0103 - Villa Vinea\" \/>\n<meta property=\"og:description\" content=\"Pachetul\u00a0con\u021bine: &nbsp; &nbsp; Cutie\u00a0de lemn Borcan cu miere Transylvania&#8217;s Finest &hellip;\" \/>\n<meta property=\"og:url\" content=\"https:\/\/villavinea.com\/index.php\/product\/pachet-m\/\" \/>\n<meta property=\"og:site_name\" content=\"Villa Vinea\" \/>\n<meta property=\"article:publisher\" content=\"https:\/\/www.facebook.com\/VillaVinea\" \/>\n<meta property=\"article:modified_time\" content=\"2026-03-16T14:14:01+00:00\" \/>\n<meta property=\"og:image\" content=\"https:\/\/villavinea.com\/wp-content\/uploads\/2026\/03\/SG8_1280Pachet-Pasti-2.jpg\" \/>\n\t<meta property=\"og:image:width\" content=\"429\" \/>\n\t<meta property=\"og:image:height\" content=\"600\" \/>\n\t<meta property=\"og:image:type\" content=\"image\/jpeg\" \/>\n<meta name=\"twitter:card\" content=\"summary_large_image\" \/>\n<meta name=\"twitter:label1\" content=\"Est. reading time\" \/>\n\t<meta name=\"twitter:data1\" content=\"1 minute\" \/>\n<script type=\"application\/ld+json\" class=\"yoast-schema-graph\">{\"@context\":\"https:\\\/\\\/schema.org\",\"@graph\":[{\"@type\":\"WebPage\",\"@id\":\"https:\\\/\\\/villavinea.com\\\/index.php\\\/product\\\/pachet-m\\\/\",\"url\":\"https:\\\/\\\/villavinea.com\\\/index.php\\\/product\\\/pachet-m\\\/\",\"name\":\"Pachet C\u0103mara Transilv\u0103nean\u0103 - Villa Vinea\",\"isPartOf\":{\"@id\":\"https:\\\/\\\/villavinea.com\\\/#website\"},\"primaryImageOfPage\":{\"@id\":\"https:\\\/\\\/villavinea.com\\\/index.php\\\/product\\\/pachet-m\\\/#primaryimage\"},\"image\":{\"@id\":\"https:\\\/\\\/villavinea.com\\\/index.php\\\/product\\\/pachet-m\\\/#primaryimage\"},\"thumbnailUrl\":\"https:\\\/\\\/villavinea.com\\\/wp-content\\\/uploads\\\/2026\\\/03\\\/SG8_1280Pachet-Pasti-2.jpg\",\"datePublished\":\"2026-03-16T12:54:18+00:00\",\"dateModified\":\"2026-03-16T14:14:01+00:00\",\"breadcrumb\":{\"@id\":\"https:\\\/\\\/villavinea.com\\\/index.php\\\/product\\\/pachet-m\\\/#breadcrumb\"},\"inLanguage\":\"en-US\",\"potentialAction\":[{\"@type\":\"ReadAction\",\"target\":[\"https:\\\/\\\/villavinea.com\\\/index.php\\\/product\\\/pachet-m\\\/\"]}]},{\"@type\":\"ImageObject\",\"inLanguage\":\"en-US\",\"@id\":\"https:\\\/\\\/villavinea.com\\\/index.php\\\/product\\\/pachet-m\\\/#primaryimage\",\"url\":\"https:\\\/\\\/villavinea.com\\\/wp-content\\\/uploads\\\/2026\\\/03\\\/SG8_1280Pachet-Pasti-2.jpg\",\"contentUrl\":\"https:\\\/\\\/villavinea.com\\\/wp-content\\\/uploads\\\/2026\\\/03\\\/SG8_1280Pachet-Pasti-2.jpg\",\"width\":429,\"height\":600},{\"@type\":\"BreadcrumbList\",\"@id\":\"https:\\\/\\\/villavinea.com\\\/index.php\\\/product\\\/pachet-m\\\/#breadcrumb\",\"itemListElement\":[{\"@type\":\"ListItem\",\"position\":1,\"name\":\"Home\",\"item\":\"https:\\\/\\\/villavinea.com\\\/\"},{\"@type\":\"ListItem\",\"position\":2,\"name\":\"Vinurile noastre\",\"item\":\"https:\\\/\\\/villavinea.com\\\/index.php\\\/shop-ro-2\\\/\"},{\"@type\":\"ListItem\",\"position\":3,\"name\":\"Pachet C\u0103mara Transilv\u0103nean\u0103\"}]},{\"@type\":\"WebSite\",\"@id\":\"https:\\\/\\\/villavinea.com\\\/#website\",\"url\":\"https:\\\/\\\/villavinea.com\\\/\",\"name\":\"Villa Vinea\",\"description\":\"\",\"publisher\":{\"@id\":\"https:\\\/\\\/villavinea.com\\\/#organization\"},\"potentialAction\":[{\"@type\":\"SearchAction\",\"target\":{\"@type\":\"EntryPoint\",\"urlTemplate\":\"https:\\\/\\\/villavinea.com\\\/?s={search_term_string}\"},\"query-input\":{\"@type\":\"PropertyValueSpecification\",\"valueRequired\":true,\"valueName\":\"search_term_string\"}}],\"inLanguage\":\"en-US\"},{\"@type\":\"Organization\",\"@id\":\"https:\\\/\\\/villavinea.com\\\/#organization\",\"name\":\"Villa Vinea\",\"url\":\"https:\\\/\\\/villavinea.com\\\/\",\"logo\":{\"@type\":\"ImageObject\",\"inLanguage\":\"en-US\",\"@id\":\"https:\\\/\\\/villavinea.com\\\/#\\\/schema\\\/logo\\\/image\\\/\",\"url\":\"https:\\\/\\\/villavinea.com\\\/wp-content\\\/uploads\\\/2024\\\/07\\\/Logo-Villa-Vinea.png\",\"contentUrl\":\"https:\\\/\\\/villavinea.com\\\/wp-content\\\/uploads\\\/2024\\\/07\\\/Logo-Villa-Vinea.png\",\"width\":1525,\"height\":508,\"caption\":\"Villa Vinea\"},\"image\":{\"@id\":\"https:\\\/\\\/villavinea.com\\\/#\\\/schema\\\/logo\\\/image\\\/\"},\"sameAs\":[\"https:\\\/\\\/www.facebook.com\\\/VillaVinea\",\"https:\\\/\\\/www.instagram.com\\\/villavinearomania\\\/\",\"https:\\\/\\\/www.youtube.com\\\/@VillaVineaMures\"]}]}<\/script>\n<!-- \/ Yoast SEO plugin. -->","yoast_head_json":{"title":"Pachet C\u0103mara Transilv\u0103nean\u0103 - Villa Vinea","robots":{"index":"index","follow":"follow","max-snippet":"max-snippet:-1","max-image-preview":"max-image-preview:large","max-video-preview":"max-video-preview:-1"},"canonical":"https:\/\/villavinea.com\/index.php\/product\/pachet-m\/","og_locale":"en_US","og_type":"article","og_title":"Pachet C\u0103mara Transilv\u0103nean\u0103 - Villa Vinea","og_description":"Pachetul\u00a0con\u021bine: &nbsp; &nbsp; Cutie\u00a0de lemn Borcan cu miere Transylvania&#8217;s Finest &hellip;","og_url":"https:\/\/villavinea.com\/index.php\/product\/pachet-m\/","og_site_name":"Villa Vinea","article_publisher":"https:\/\/www.facebook.com\/VillaVinea","article_modified_time":"2026-03-16T14:14:01+00:00","og_image":[{"width":429,"height":600,"url":"https:\/\/villavinea.com\/wp-content\/uploads\/2026\/03\/SG8_1280Pachet-Pasti-2.jpg","type":"image\/jpeg"}],"twitter_card":"summary_large_image","twitter_misc":{"Est. reading time":"1 minute"},"schema":{"@context":"https:\/\/schema.org","@graph":[{"@type":"WebPage","@id":"https:\/\/villavinea.com\/index.php\/product\/pachet-m\/","url":"https:\/\/villavinea.com\/index.php\/product\/pachet-m\/","name":"Pachet C\u0103mara Transilv\u0103nean\u0103 - Villa Vinea","isPartOf":{"@id":"https:\/\/villavinea.com\/#website"},"primaryImageOfPage":{"@id":"https:\/\/villavinea.com\/index.php\/product\/pachet-m\/#primaryimage"},"image":{"@id":"https:\/\/villavinea.com\/index.php\/product\/pachet-m\/#primaryimage"},"thumbnailUrl":"https:\/\/villavinea.com\/wp-content\/uploads\/2026\/03\/SG8_1280Pachet-Pasti-2.jpg","datePublished":"2026-03-16T12:54:18+00:00","dateModified":"2026-03-16T14:14:01+00:00","breadcrumb":{"@id":"https:\/\/villavinea.com\/index.php\/product\/pachet-m\/#breadcrumb"},"inLanguage":"en-US","potentialAction":[{"@type":"ReadAction","target":["https:\/\/villavinea.com\/index.php\/product\/pachet-m\/"]}]},{"@type":"ImageObject","inLanguage":"en-US","@id":"https:\/\/villavinea.com\/index.php\/product\/pachet-m\/#primaryimage","url":"https:\/\/villavinea.com\/wp-content\/uploads\/2026\/03\/SG8_1280Pachet-Pasti-2.jpg","contentUrl":"https:\/\/villavinea.com\/wp-content\/uploads\/2026\/03\/SG8_1280Pachet-Pasti-2.jpg","width":429,"height":600},{"@type":"BreadcrumbList","@id":"https:\/\/villavinea.com\/index.php\/product\/pachet-m\/#breadcrumb","itemListElement":[{"@type":"ListItem","position":1,"name":"Home","item":"https:\/\/villavinea.com\/"},{"@type":"ListItem","position":2,"name":"Vinurile noastre","item":"https:\/\/villavinea.com\/index.php\/shop-ro-2\/"},{"@type":"ListItem","position":3,"name":"Pachet C\u0103mara Transilv\u0103nean\u0103"}]},{"@type":"WebSite","@id":"https:\/\/villavinea.com\/#website","url":"https:\/\/villavinea.com\/","name":"Villa Vinea","description":"","publisher":{"@id":"https:\/\/villavinea.com\/#organization"},"potentialAction":[{"@type":"SearchAction","target":{"@type":"EntryPoint","urlTemplate":"https:\/\/villavinea.com\/?s={search_term_string}"},"query-input":{"@type":"PropertyValueSpecification","valueRequired":true,"valueName":"search_term_string"}}],"inLanguage":"en-US"},{"@type":"Organization","@id":"https:\/\/villavinea.com\/#organization","name":"Villa Vinea","url":"https:\/\/villavinea.com\/","logo":{"@type":"ImageObject","inLanguage":"en-US","@id":"https:\/\/villavinea.com\/#\/schema\/logo\/image\/","url":"https:\/\/villavinea.com\/wp-content\/uploads\/2024\/07\/Logo-Villa-Vinea.png","contentUrl":"https:\/\/villavinea.com\/wp-content\/uploads\/2024\/07\/Logo-Villa-Vinea.png","width":1525,"height":508,"caption":"Villa Vinea"},"image":{"@id":"https:\/\/villavinea.com\/#\/schema\/logo\/image\/"},"sameAs":["https:\/\/www.facebook.com\/VillaVinea","https:\/\/www.instagram.com\/villavinearomania\/","https:\/\/www.youtube.com\/@VillaVineaMures"]}]}},"jetpack_sharing_enabled":true,"_links":{"self":[{"href":"https:\/\/villavinea.com\/index.php\/wp-json\/wp\/v2\/product\/11189","targetHints":{"allow":["GET"]}}],"collection":[{"href":"https:\/\/villavinea.com\/index.php\/wp-json\/wp\/v2\/product"}],"about":[{"href":"https:\/\/villavinea.com\/index.php\/wp-json\/wp\/v2\/types\/product"}],"replies":[{"embeddable":true,"href":"https:\/\/villavinea.com\/index.php\/wp-json\/wp\/v2\/comments?post=11189"}],"wp:featuredmedia":[{"embeddable":true,"href":"https:\/\/villavinea.com\/index.php\/wp-json\/wp\/v2\/media\/11190"}],"wp:attachment":[{"href":"https:\/\/villavinea.com\/index.php\/wp-json\/wp\/v2\/media?parent=11189"}],"wp:term":[{"taxonomy":"product_brand","embeddable":true,"href":"https:\/\/villavinea.com\/index.php\/wp-json\/wp\/v2\/product_brand?post=11189"},{"taxonomy":"product_cat","embeddable":true,"href":"https:\/\/villavinea.com\/index.php\/wp-json\/wp\/v2\/product_cat?post=11189"},{"taxonomy":"product_tag","embeddable":true,"href":"https:\/\/villavinea.com\/index.php\/wp-json\/wp\/v2\/product_tag?post=11189"}],"curies":[{"name":"wp","href":"https:\/\/api.w.org\/{rel}","templated":true}]}}