{"id":183,"date":"2024-07-01T08:11:32","date_gmt":"2024-07-01T08:11:32","guid":{"rendered":"https:\/\/villavinea.com\/?post_type=product&#038;p=183"},"modified":"2024-07-01T08:11:49","modified_gmt":"2024-07-01T08:11:49","slug":"villa-vinea-argilla-white-magnum-bottles-limited-edition","status":"publish","type":"product","link":"https:\/\/villavinea.com\/index.php\/en\/product\/villa-vinea-argilla-white-magnum-bottles-limited-edition\/","title":{"rendered":"Villa Vinea Argilla White Magnum bottles (Limited Edition)"},"content":{"rendered":"<div style=\"width: 960px;\" class=\"wp-video\"><video class=\"wp-video-shortcode\" id=\"video-183-1\" width=\"960\" height=\"540\" preload=\"metadata\" controls=\"controls\"><source type=\"video\/mp4\" src=\"https:\/\/villavinea.com\/wp-content\/uploads\/2021\/03\/Argilla.mp4?_=1\" \/><a href=\"https:\/\/villavinea.com\/wp-content\/uploads\/2021\/03\/Argilla.mp4\">https:\/\/villavinea.com\/wp-content\/uploads\/2021\/03\/Argilla.mp4<\/a><\/video><\/div>\n<p>As the name suggests, Argilla is the supreme expression of the terroir in the T\u00e2rnavelor area, a white,<br \/>\ncomplex, gastronomic wine, obtained by assembling two local varieties representative of the area &#8211;<br \/>\nFeteasc\u0103 regal\u0103 and Feteasc\u0103 alb\u0103 &#8211; with a semi-aromatic international, well integrated in local soil &#8211;<br \/>\nSauvignon Blanc. Argilla 2016 spent 18 months in oak barrels, slightly burned on the inside, and<br \/>\nduring this time extracted from the wood fine tannins and aromas specific to maturation and malolactic<br \/>\nfermentation. Subsequently, aging for 24 months in magnum bottles, finished the aromas of the wine,<br \/>\nmaking it reach a high degree of complexity. The label was also designed to express the depth of the<br \/>\nclay, being made by hand, along with local producers from the Cheese Factory. Thus, each of the 284<br \/>\nbottles from the 2016 edition has the label sandblasted in glass, the logo painted by hand and uses a<br \/>\nhood made by hand, by the Villa Vin\u00e8a team. For extra elegance and protection, all Argilla Magnum<br \/>\nbottles are delivered in a wooden box.<\/p>\n","protected":false},"excerpt":{"rendered":"<p>As the name suggests, Argilla is the supreme expression of &hellip;<\/p>\n","protected":false},"featured_media":165,"comment_status":"open","ping_status":"closed","template":"","meta":[],"product_brand":[],"product_cat":[138,235,231,141],"product_tag":[],"class_list":{"0":"post-183","1":"product","2":"type-product","3":"status-publish","4":"has-post-thumbnail","6":"product_cat-dry","7":"product_cat-red-wine","8":"product_cat-sweet","9":"product_cat-white-wine","11":"first","12":"instock","13":"taxable","14":"shipping-taxable","15":"purchasable","16":"product-type-simple"},"yoast_head":"<!-- This site is optimized with the Yoast SEO plugin v27.1.1 - https:\/\/yoast.com\/product\/yoast-seo-wordpress\/ -->\n<title>Villa Vinea Argilla White Magnum bottles (Limited Edition) - Villa Vinea<\/title>\n<meta name=\"robots\" content=\"index, follow, max-snippet:-1, max-image-preview:large, max-video-preview:-1\" \/>\n<link rel=\"canonical\" href=\"https:\/\/villavinea.com\/index.php\/en\/product\/villa-vinea-argilla-white-magnum-bottles-limited-edition\/\" \/>\n<meta property=\"og:locale\" content=\"en_US\" \/>\n<meta property=\"og:type\" content=\"article\" \/>\n<meta property=\"og:title\" content=\"Villa Vinea Argilla White Magnum bottles (Limited Edition) - Villa Vinea\" \/>\n<meta property=\"og:description\" content=\"As the name suggests, Argilla is the supreme expression of &hellip;\" \/>\n<meta property=\"og:url\" content=\"https:\/\/villavinea.com\/index.php\/en\/product\/villa-vinea-argilla-white-magnum-bottles-limited-edition\/\" \/>\n<meta property=\"og:site_name\" content=\"Villa Vinea\" \/>\n<meta property=\"article:publisher\" content=\"https:\/\/www.facebook.com\/VillaVinea\" \/>\n<meta property=\"article:modified_time\" content=\"2024-07-01T08:11:49+00:00\" \/>\n<meta property=\"og:image\" content=\"https:\/\/villavinea.com\/wp-content\/uploads\/2024\/07\/NUM_0537-1.png\" \/>\n\t<meta property=\"og:image:width\" content=\"787\" \/>\n\t<meta property=\"og:image:height\" content=\"787\" \/>\n\t<meta property=\"og:image:type\" content=\"image\/png\" \/>\n<meta name=\"twitter:card\" content=\"summary_large_image\" \/>\n<meta name=\"twitter:label1\" content=\"Est. reading time\" \/>\n\t<meta name=\"twitter:data1\" content=\"1 minute\" \/>\n<script type=\"application\/ld+json\" class=\"yoast-schema-graph\">{\"@context\":\"https:\/\/schema.org\",\"@graph\":[{\"@type\":\"WebPage\",\"@id\":\"https:\/\/villavinea.com\/index.php\/en\/product\/villa-vinea-argilla-white-magnum-bottles-limited-edition\/\",\"url\":\"https:\/\/villavinea.com\/index.php\/en\/product\/villa-vinea-argilla-white-magnum-bottles-limited-edition\/\",\"name\":\"Villa Vinea Argilla White Magnum bottles (Limited Edition) - Villa Vinea\",\"isPartOf\":{\"@id\":\"https:\/\/villavinea.com\/#website\"},\"primaryImageOfPage\":{\"@id\":\"https:\/\/villavinea.com\/index.php\/en\/product\/villa-vinea-argilla-white-magnum-bottles-limited-edition\/#primaryimage\"},\"image\":{\"@id\":\"https:\/\/villavinea.com\/index.php\/en\/product\/villa-vinea-argilla-white-magnum-bottles-limited-edition\/#primaryimage\"},\"thumbnailUrl\":\"https:\/\/villavinea.com\/wp-content\/uploads\/2024\/07\/NUM_0537-1.png\",\"datePublished\":\"2024-07-01T08:11:32+00:00\",\"dateModified\":\"2024-07-01T08:11:49+00:00\",\"breadcrumb\":{\"@id\":\"https:\/\/villavinea.com\/index.php\/en\/product\/villa-vinea-argilla-white-magnum-bottles-limited-edition\/#breadcrumb\"},\"inLanguage\":\"en-US\",\"potentialAction\":[{\"@type\":\"ReadAction\",\"target\":[\"https:\/\/villavinea.com\/index.php\/en\/product\/villa-vinea-argilla-white-magnum-bottles-limited-edition\/\"]}]},{\"@type\":\"ImageObject\",\"inLanguage\":\"en-US\",\"@id\":\"https:\/\/villavinea.com\/index.php\/en\/product\/villa-vinea-argilla-white-magnum-bottles-limited-edition\/#primaryimage\",\"url\":\"https:\/\/villavinea.com\/wp-content\/uploads\/2024\/07\/NUM_0537-1.png\",\"contentUrl\":\"https:\/\/villavinea.com\/wp-content\/uploads\/2024\/07\/NUM_0537-1.png\",\"width\":787,\"height\":787},{\"@type\":\"BreadcrumbList\",\"@id\":\"https:\/\/villavinea.com\/index.php\/en\/product\/villa-vinea-argilla-white-magnum-bottles-limited-edition\/#breadcrumb\",\"itemListElement\":[{\"@type\":\"ListItem\",\"position\":1,\"name\":\"Home\",\"item\":\"https:\/\/villavinea.com\/\"},{\"@type\":\"ListItem\",\"position\":2,\"name\":\"Vinurile noastre\",\"item\":\"https:\/\/villavinea.com\/index.php\/shop-ro-2\/\"},{\"@type\":\"ListItem\",\"position\":3,\"name\":\"Villa Vinea Argilla White Magnum bottles (Limited Edition)\"}]},{\"@type\":\"WebSite\",\"@id\":\"https:\/\/villavinea.com\/#website\",\"url\":\"https:\/\/villavinea.com\/\",\"name\":\"Villa Vinea\",\"description\":\"\",\"publisher\":{\"@id\":\"https:\/\/villavinea.com\/#organization\"},\"potentialAction\":[{\"@type\":\"SearchAction\",\"target\":{\"@type\":\"EntryPoint\",\"urlTemplate\":\"https:\/\/villavinea.com\/?s={search_term_string}\"},\"query-input\":{\"@type\":\"PropertyValueSpecification\",\"valueRequired\":true,\"valueName\":\"search_term_string\"}}],\"inLanguage\":\"en-US\"},{\"@type\":\"Organization\",\"@id\":\"https:\/\/villavinea.com\/#organization\",\"name\":\"Villa Vinea\",\"url\":\"https:\/\/villavinea.com\/\",\"logo\":{\"@type\":\"ImageObject\",\"inLanguage\":\"en-US\",\"@id\":\"https:\/\/villavinea.com\/#\/schema\/logo\/image\/\",\"url\":\"https:\/\/villavinea.com\/wp-content\/uploads\/2024\/07\/Logo-Villa-Vinea.png\",\"contentUrl\":\"https:\/\/villavinea.com\/wp-content\/uploads\/2024\/07\/Logo-Villa-Vinea.png\",\"width\":1525,\"height\":508,\"caption\":\"Villa Vinea\"},\"image\":{\"@id\":\"https:\/\/villavinea.com\/#\/schema\/logo\/image\/\"},\"sameAs\":[\"https:\/\/www.facebook.com\/VillaVinea\",\"https:\/\/www.instagram.com\/villavinearomania\/\",\"https:\/\/www.youtube.com\/@VillaVineaMures\"]}]}<\/script>\n<!-- \/ Yoast SEO plugin. -->","yoast_head_json":{"title":"Villa Vinea Argilla White Magnum bottles (Limited Edition) - Villa Vinea","robots":{"index":"index","follow":"follow","max-snippet":"max-snippet:-1","max-image-preview":"max-image-preview:large","max-video-preview":"max-video-preview:-1"},"canonical":"https:\/\/villavinea.com\/index.php\/en\/product\/villa-vinea-argilla-white-magnum-bottles-limited-edition\/","og_locale":"en_US","og_type":"article","og_title":"Villa Vinea Argilla White Magnum bottles (Limited Edition) - Villa Vinea","og_description":"As the name suggests, Argilla is the supreme expression of &hellip;","og_url":"https:\/\/villavinea.com\/index.php\/en\/product\/villa-vinea-argilla-white-magnum-bottles-limited-edition\/","og_site_name":"Villa Vinea","article_publisher":"https:\/\/www.facebook.com\/VillaVinea","article_modified_time":"2024-07-01T08:11:49+00:00","og_image":[{"width":787,"height":787,"url":"https:\/\/villavinea.com\/wp-content\/uploads\/2024\/07\/NUM_0537-1.png","type":"image\/png"}],"twitter_card":"summary_large_image","twitter_misc":{"Est. reading time":"1 minute"},"schema":{"@context":"https:\/\/schema.org","@graph":[{"@type":"WebPage","@id":"https:\/\/villavinea.com\/index.php\/en\/product\/villa-vinea-argilla-white-magnum-bottles-limited-edition\/","url":"https:\/\/villavinea.com\/index.php\/en\/product\/villa-vinea-argilla-white-magnum-bottles-limited-edition\/","name":"Villa Vinea Argilla White Magnum bottles (Limited Edition) - Villa Vinea","isPartOf":{"@id":"https:\/\/villavinea.com\/#website"},"primaryImageOfPage":{"@id":"https:\/\/villavinea.com\/index.php\/en\/product\/villa-vinea-argilla-white-magnum-bottles-limited-edition\/#primaryimage"},"image":{"@id":"https:\/\/villavinea.com\/index.php\/en\/product\/villa-vinea-argilla-white-magnum-bottles-limited-edition\/#primaryimage"},"thumbnailUrl":"https:\/\/villavinea.com\/wp-content\/uploads\/2024\/07\/NUM_0537-1.png","datePublished":"2024-07-01T08:11:32+00:00","dateModified":"2024-07-01T08:11:49+00:00","breadcrumb":{"@id":"https:\/\/villavinea.com\/index.php\/en\/product\/villa-vinea-argilla-white-magnum-bottles-limited-edition\/#breadcrumb"},"inLanguage":"en-US","potentialAction":[{"@type":"ReadAction","target":["https:\/\/villavinea.com\/index.php\/en\/product\/villa-vinea-argilla-white-magnum-bottles-limited-edition\/"]}]},{"@type":"ImageObject","inLanguage":"en-US","@id":"https:\/\/villavinea.com\/index.php\/en\/product\/villa-vinea-argilla-white-magnum-bottles-limited-edition\/#primaryimage","url":"https:\/\/villavinea.com\/wp-content\/uploads\/2024\/07\/NUM_0537-1.png","contentUrl":"https:\/\/villavinea.com\/wp-content\/uploads\/2024\/07\/NUM_0537-1.png","width":787,"height":787},{"@type":"BreadcrumbList","@id":"https:\/\/villavinea.com\/index.php\/en\/product\/villa-vinea-argilla-white-magnum-bottles-limited-edition\/#breadcrumb","itemListElement":[{"@type":"ListItem","position":1,"name":"Home","item":"https:\/\/villavinea.com\/"},{"@type":"ListItem","position":2,"name":"Vinurile noastre","item":"https:\/\/villavinea.com\/index.php\/shop-ro-2\/"},{"@type":"ListItem","position":3,"name":"Villa Vinea Argilla White Magnum bottles (Limited Edition)"}]},{"@type":"WebSite","@id":"https:\/\/villavinea.com\/#website","url":"https:\/\/villavinea.com\/","name":"Villa Vinea","description":"","publisher":{"@id":"https:\/\/villavinea.com\/#organization"},"potentialAction":[{"@type":"SearchAction","target":{"@type":"EntryPoint","urlTemplate":"https:\/\/villavinea.com\/?s={search_term_string}"},"query-input":{"@type":"PropertyValueSpecification","valueRequired":true,"valueName":"search_term_string"}}],"inLanguage":"en-US"},{"@type":"Organization","@id":"https:\/\/villavinea.com\/#organization","name":"Villa Vinea","url":"https:\/\/villavinea.com\/","logo":{"@type":"ImageObject","inLanguage":"en-US","@id":"https:\/\/villavinea.com\/#\/schema\/logo\/image\/","url":"https:\/\/villavinea.com\/wp-content\/uploads\/2024\/07\/Logo-Villa-Vinea.png","contentUrl":"https:\/\/villavinea.com\/wp-content\/uploads\/2024\/07\/Logo-Villa-Vinea.png","width":1525,"height":508,"caption":"Villa Vinea"},"image":{"@id":"https:\/\/villavinea.com\/#\/schema\/logo\/image\/"},"sameAs":["https:\/\/www.facebook.com\/VillaVinea","https:\/\/www.instagram.com\/villavinearomania\/","https:\/\/www.youtube.com\/@VillaVineaMures"]}]}},"jetpack_sharing_enabled":true,"_links":{"self":[{"href":"https:\/\/villavinea.com\/index.php\/wp-json\/wp\/v2\/product\/183","targetHints":{"allow":["GET"]}}],"collection":[{"href":"https:\/\/villavinea.com\/index.php\/wp-json\/wp\/v2\/product"}],"about":[{"href":"https:\/\/villavinea.com\/index.php\/wp-json\/wp\/v2\/types\/product"}],"replies":[{"embeddable":true,"href":"https:\/\/villavinea.com\/index.php\/wp-json\/wp\/v2\/comments?post=183"}],"wp:featuredmedia":[{"embeddable":true,"href":"https:\/\/villavinea.com\/index.php\/wp-json\/wp\/v2\/media\/165"}],"wp:attachment":[{"href":"https:\/\/villavinea.com\/index.php\/wp-json\/wp\/v2\/media?parent=183"}],"wp:term":[{"taxonomy":"product_brand","embeddable":true,"href":"https:\/\/villavinea.com\/index.php\/wp-json\/wp\/v2\/product_brand?post=183"},{"taxonomy":"product_cat","embeddable":true,"href":"https:\/\/villavinea.com\/index.php\/wp-json\/wp\/v2\/product_cat?post=183"},{"taxonomy":"product_tag","embeddable":true,"href":"https:\/\/villavinea.com\/index.php\/wp-json\/wp\/v2\/product_tag?post=183"}],"curies":[{"name":"wp","href":"https:\/\/api.w.org\/{rel}","templated":true}]}}