{"id":217,"date":"2024-07-01T08:12:00","date_gmt":"2024-07-01T08:12:00","guid":{"rendered":"https:\/\/villavinea.com\/?post_type=product&#038;p=217"},"modified":"2025-08-07T08:15:34","modified_gmt":"2025-08-07T08:15:34","slug":"castel-vinum-rosu","status":"publish","type":"product","link":"https:\/\/villavinea.com\/index.php\/product\/castel-vinum-rosu\/","title":{"rendered":"Castel Vinum Rosu 2021"},"content":{"rendered":"<p>Un cupaj de Feteasc\u0103 Neagr\u0103 \u015fi Pinot Noir, zglobiu \u015fi colocvial, un veritabil vin ro\u015fu de var\u0103, care nu cere dec\u00e2t s\u0103 fie pu\u0163in r\u0103cit \u015fi, mai apoi, servit al\u0103turi de un platou cu br\u00e2nzeturi maturate, la ceas de sear\u0103, pe r\u0103coare.<\/p>\n<p>Culoare vi\u015finiu deschis \u015fi nas complex, cu cire\u015fe, violete \u015fi grafit. Textur\u0103 supl\u0103, taninuri moi, aciditate vie \u015fi alcool bine eviden\u0163iat. Gust proasp\u0103t, cu vi\u015fine \u015fi coac\u0103ze ro\u015fii, la care se adaug\u0103 senza\u0163ii picante de ardei verde. Postgust lung, tonic, cu impresii de rodie \u015fi piper negru.<\/p>\n","protected":false},"excerpt":{"rendered":"<p>0.75 L<br \/>\nZahar: 4 gr<br \/>\nAciditate: 5.25<br \/>\nSEC<br \/>\nVol Alcool 13%<br \/>\nCupaj Feteasca Neagra &amp; Pinot Noir<br \/>\nDOC-CMD Tarnave \u2013 Tarnaveni<\/p>\n","protected":false},"featured_media":10684,"comment_status":"open","ping_status":"closed","template":"","meta":[],"product_brand":[],"product_cat":[227,52,66],"product_tag":[],"class_list":{"0":"post-217","1":"product","2":"type-product","3":"status-publish","4":"has-post-thumbnail","6":"product_cat-castel-vinum-ro","7":"product_cat-sec","8":"product_cat-vin-rosu","10":"first","11":"instock","12":"taxable","13":"shipping-taxable","14":"purchasable","15":"product-type-simple"},"yoast_head":"<!-- This site is optimized with the Yoast SEO plugin v27.1.1 - https:\/\/yoast.com\/product\/yoast-seo-wordpress\/ -->\n<title>Castel Vinum Rosu 2021 - Villa Vinea<\/title>\n<meta name=\"robots\" content=\"index, follow, max-snippet:-1, max-image-preview:large, max-video-preview:-1\" \/>\n<link rel=\"canonical\" href=\"https:\/\/villavinea.com\/index.php\/product\/castel-vinum-rosu\/\" \/>\n<meta property=\"og:locale\" content=\"en_US\" \/>\n<meta property=\"og:type\" content=\"article\" \/>\n<meta property=\"og:title\" content=\"Castel Vinum Rosu 2021 - Villa Vinea\" \/>\n<meta property=\"og:description\" content=\"0.75 L Zahar: 4 gr Aciditate: 5.25 SEC Vol Alcool 13% Cupaj Feteasca Neagra &amp; Pinot Noir DOC-CMD Tarnave \u2013 Tarnaveni\" \/>\n<meta property=\"og:url\" content=\"https:\/\/villavinea.com\/index.php\/product\/castel-vinum-rosu\/\" \/>\n<meta property=\"og:site_name\" content=\"Villa Vinea\" \/>\n<meta property=\"article:publisher\" content=\"https:\/\/www.facebook.com\/VillaVinea\" \/>\n<meta property=\"article:modified_time\" content=\"2025-08-07T08:15:34+00:00\" \/>\n<meta property=\"og:image\" content=\"https:\/\/villavinea.com\/wp-content\/uploads\/2024\/07\/cvr-full.png\" \/>\n\t<meta property=\"og:image:width\" content=\"1544\" \/>\n\t<meta property=\"og:image:height\" content=\"810\" \/>\n\t<meta property=\"og:image:type\" content=\"image\/png\" \/>\n<meta name=\"twitter:card\" content=\"summary_large_image\" \/>\n<meta name=\"twitter:label1\" content=\"Est. reading time\" \/>\n\t<meta name=\"twitter:data1\" content=\"1 minute\" \/>\n<script type=\"application\/ld+json\" class=\"yoast-schema-graph\">{\"@context\":\"https:\/\/schema.org\",\"@graph\":[{\"@type\":\"WebPage\",\"@id\":\"https:\/\/villavinea.com\/index.php\/product\/castel-vinum-rosu\/\",\"url\":\"https:\/\/villavinea.com\/index.php\/product\/castel-vinum-rosu\/\",\"name\":\"Castel Vinum Rosu 2021 - Villa Vinea\",\"isPartOf\":{\"@id\":\"https:\/\/villavinea.com\/#website\"},\"primaryImageOfPage\":{\"@id\":\"https:\/\/villavinea.com\/index.php\/product\/castel-vinum-rosu\/#primaryimage\"},\"image\":{\"@id\":\"https:\/\/villavinea.com\/index.php\/product\/castel-vinum-rosu\/#primaryimage\"},\"thumbnailUrl\":\"https:\/\/villavinea.com\/wp-content\/uploads\/2024\/07\/cvr-full.png\",\"datePublished\":\"2024-07-01T08:12:00+00:00\",\"dateModified\":\"2025-08-07T08:15:34+00:00\",\"breadcrumb\":{\"@id\":\"https:\/\/villavinea.com\/index.php\/product\/castel-vinum-rosu\/#breadcrumb\"},\"inLanguage\":\"en-US\",\"potentialAction\":[{\"@type\":\"ReadAction\",\"target\":[\"https:\/\/villavinea.com\/index.php\/product\/castel-vinum-rosu\/\"]}]},{\"@type\":\"ImageObject\",\"inLanguage\":\"en-US\",\"@id\":\"https:\/\/villavinea.com\/index.php\/product\/castel-vinum-rosu\/#primaryimage\",\"url\":\"https:\/\/villavinea.com\/wp-content\/uploads\/2024\/07\/cvr-full.png\",\"contentUrl\":\"https:\/\/villavinea.com\/wp-content\/uploads\/2024\/07\/cvr-full.png\",\"width\":1544,\"height\":810},{\"@type\":\"BreadcrumbList\",\"@id\":\"https:\/\/villavinea.com\/index.php\/product\/castel-vinum-rosu\/#breadcrumb\",\"itemListElement\":[{\"@type\":\"ListItem\",\"position\":1,\"name\":\"Home\",\"item\":\"https:\/\/villavinea.com\/\"},{\"@type\":\"ListItem\",\"position\":2,\"name\":\"Vinurile noastre\",\"item\":\"https:\/\/villavinea.com\/index.php\/shop-ro-2\/\"},{\"@type\":\"ListItem\",\"position\":3,\"name\":\"Castel Vinum Rosu 2021\"}]},{\"@type\":\"WebSite\",\"@id\":\"https:\/\/villavinea.com\/#website\",\"url\":\"https:\/\/villavinea.com\/\",\"name\":\"Villa Vinea\",\"description\":\"\",\"publisher\":{\"@id\":\"https:\/\/villavinea.com\/#organization\"},\"potentialAction\":[{\"@type\":\"SearchAction\",\"target\":{\"@type\":\"EntryPoint\",\"urlTemplate\":\"https:\/\/villavinea.com\/?s={search_term_string}\"},\"query-input\":{\"@type\":\"PropertyValueSpecification\",\"valueRequired\":true,\"valueName\":\"search_term_string\"}}],\"inLanguage\":\"en-US\"},{\"@type\":\"Organization\",\"@id\":\"https:\/\/villavinea.com\/#organization\",\"name\":\"Villa Vinea\",\"url\":\"https:\/\/villavinea.com\/\",\"logo\":{\"@type\":\"ImageObject\",\"inLanguage\":\"en-US\",\"@id\":\"https:\/\/villavinea.com\/#\/schema\/logo\/image\/\",\"url\":\"https:\/\/villavinea.com\/wp-content\/uploads\/2024\/07\/Logo-Villa-Vinea.png\",\"contentUrl\":\"https:\/\/villavinea.com\/wp-content\/uploads\/2024\/07\/Logo-Villa-Vinea.png\",\"width\":1525,\"height\":508,\"caption\":\"Villa Vinea\"},\"image\":{\"@id\":\"https:\/\/villavinea.com\/#\/schema\/logo\/image\/\"},\"sameAs\":[\"https:\/\/www.facebook.com\/VillaVinea\",\"https:\/\/www.instagram.com\/villavinearomania\/\",\"https:\/\/www.youtube.com\/@VillaVineaMures\"]}]}<\/script>\n<!-- \/ Yoast SEO plugin. -->","yoast_head_json":{"title":"Castel Vinum Rosu 2021 - Villa Vinea","robots":{"index":"index","follow":"follow","max-snippet":"max-snippet:-1","max-image-preview":"max-image-preview:large","max-video-preview":"max-video-preview:-1"},"canonical":"https:\/\/villavinea.com\/index.php\/product\/castel-vinum-rosu\/","og_locale":"en_US","og_type":"article","og_title":"Castel Vinum Rosu 2021 - Villa Vinea","og_description":"0.75 L Zahar: 4 gr Aciditate: 5.25 SEC Vol Alcool 13% Cupaj Feteasca Neagra &amp; Pinot Noir DOC-CMD Tarnave \u2013 Tarnaveni","og_url":"https:\/\/villavinea.com\/index.php\/product\/castel-vinum-rosu\/","og_site_name":"Villa Vinea","article_publisher":"https:\/\/www.facebook.com\/VillaVinea","article_modified_time":"2025-08-07T08:15:34+00:00","og_image":[{"width":1544,"height":810,"url":"https:\/\/villavinea.com\/wp-content\/uploads\/2024\/07\/cvr-full.png","type":"image\/png"}],"twitter_card":"summary_large_image","twitter_misc":{"Est. reading time":"1 minute"},"schema":{"@context":"https:\/\/schema.org","@graph":[{"@type":"WebPage","@id":"https:\/\/villavinea.com\/index.php\/product\/castel-vinum-rosu\/","url":"https:\/\/villavinea.com\/index.php\/product\/castel-vinum-rosu\/","name":"Castel Vinum Rosu 2021 - Villa Vinea","isPartOf":{"@id":"https:\/\/villavinea.com\/#website"},"primaryImageOfPage":{"@id":"https:\/\/villavinea.com\/index.php\/product\/castel-vinum-rosu\/#primaryimage"},"image":{"@id":"https:\/\/villavinea.com\/index.php\/product\/castel-vinum-rosu\/#primaryimage"},"thumbnailUrl":"https:\/\/villavinea.com\/wp-content\/uploads\/2024\/07\/cvr-full.png","datePublished":"2024-07-01T08:12:00+00:00","dateModified":"2025-08-07T08:15:34+00:00","breadcrumb":{"@id":"https:\/\/villavinea.com\/index.php\/product\/castel-vinum-rosu\/#breadcrumb"},"inLanguage":"en-US","potentialAction":[{"@type":"ReadAction","target":["https:\/\/villavinea.com\/index.php\/product\/castel-vinum-rosu\/"]}]},{"@type":"ImageObject","inLanguage":"en-US","@id":"https:\/\/villavinea.com\/index.php\/product\/castel-vinum-rosu\/#primaryimage","url":"https:\/\/villavinea.com\/wp-content\/uploads\/2024\/07\/cvr-full.png","contentUrl":"https:\/\/villavinea.com\/wp-content\/uploads\/2024\/07\/cvr-full.png","width":1544,"height":810},{"@type":"BreadcrumbList","@id":"https:\/\/villavinea.com\/index.php\/product\/castel-vinum-rosu\/#breadcrumb","itemListElement":[{"@type":"ListItem","position":1,"name":"Home","item":"https:\/\/villavinea.com\/"},{"@type":"ListItem","position":2,"name":"Vinurile noastre","item":"https:\/\/villavinea.com\/index.php\/shop-ro-2\/"},{"@type":"ListItem","position":3,"name":"Castel Vinum Rosu 2021"}]},{"@type":"WebSite","@id":"https:\/\/villavinea.com\/#website","url":"https:\/\/villavinea.com\/","name":"Villa Vinea","description":"","publisher":{"@id":"https:\/\/villavinea.com\/#organization"},"potentialAction":[{"@type":"SearchAction","target":{"@type":"EntryPoint","urlTemplate":"https:\/\/villavinea.com\/?s={search_term_string}"},"query-input":{"@type":"PropertyValueSpecification","valueRequired":true,"valueName":"search_term_string"}}],"inLanguage":"en-US"},{"@type":"Organization","@id":"https:\/\/villavinea.com\/#organization","name":"Villa Vinea","url":"https:\/\/villavinea.com\/","logo":{"@type":"ImageObject","inLanguage":"en-US","@id":"https:\/\/villavinea.com\/#\/schema\/logo\/image\/","url":"https:\/\/villavinea.com\/wp-content\/uploads\/2024\/07\/Logo-Villa-Vinea.png","contentUrl":"https:\/\/villavinea.com\/wp-content\/uploads\/2024\/07\/Logo-Villa-Vinea.png","width":1525,"height":508,"caption":"Villa Vinea"},"image":{"@id":"https:\/\/villavinea.com\/#\/schema\/logo\/image\/"},"sameAs":["https:\/\/www.facebook.com\/VillaVinea","https:\/\/www.instagram.com\/villavinearomania\/","https:\/\/www.youtube.com\/@VillaVineaMures"]}]}},"jetpack_sharing_enabled":true,"_links":{"self":[{"href":"https:\/\/villavinea.com\/index.php\/wp-json\/wp\/v2\/product\/217","targetHints":{"allow":["GET"]}}],"collection":[{"href":"https:\/\/villavinea.com\/index.php\/wp-json\/wp\/v2\/product"}],"about":[{"href":"https:\/\/villavinea.com\/index.php\/wp-json\/wp\/v2\/types\/product"}],"replies":[{"embeddable":true,"href":"https:\/\/villavinea.com\/index.php\/wp-json\/wp\/v2\/comments?post=217"}],"wp:featuredmedia":[{"embeddable":true,"href":"https:\/\/villavinea.com\/index.php\/wp-json\/wp\/v2\/media\/10684"}],"wp:attachment":[{"href":"https:\/\/villavinea.com\/index.php\/wp-json\/wp\/v2\/media?parent=217"}],"wp:term":[{"taxonomy":"product_brand","embeddable":true,"href":"https:\/\/villavinea.com\/index.php\/wp-json\/wp\/v2\/product_brand?post=217"},{"taxonomy":"product_cat","embeddable":true,"href":"https:\/\/villavinea.com\/index.php\/wp-json\/wp\/v2\/product_cat?post=217"},{"taxonomy":"product_tag","embeddable":true,"href":"https:\/\/villavinea.com\/index.php\/wp-json\/wp\/v2\/product_tag?post=217"}],"curies":[{"name":"wp","href":"https:\/\/api.w.org\/{rel}","templated":true}]}}