{"id":222,"date":"2024-07-01T08:12:00","date_gmt":"2024-07-01T08:12:00","guid":{"rendered":"https:\/\/villavinea.com\/?post_type=product&#038;p=222"},"modified":"2024-07-01T08:12:25","modified_gmt":"2024-07-01T08:12:25","slug":"verticala-diamant-2019-2020-2021","status":"publish","type":"product","link":"https:\/\/villavinea.com\/index.php\/product\/verticala-diamant-2019-2020-2021\/","title":{"rendered":"Verticala Diamant 2019, 2020, 2021"},"content":{"rendered":"<h2>Verticala Diamant  2019, 2020, 2021<\/h2>\n<p>&nbsp;<\/p>\n<p>Verticalele de vinuri Villa Vin\u00e8a reprezint\u0103 o istorie lichid\u0103 a cramei, un adev\u0103rat curriculum<br \/>\nvitae oenologic. Degust\u00e2nd comparativ acela\u0219i vin, produs \u00een ani diferi\u021bi, te invit\u0103m s\u0103 observi<br \/>\nimpactul terrorului \u0219i al climei asupra unor atribute cheie, cum sunt nuan\u021bele cromatice, dar \u0219i<br \/>\ncele de nas, aciditate, gust \u0219i postgust.<br \/>\nAnul 2023 aduce o noutate pentru crama Villa Vin\u00e8a, odat\u0103 cu lansarea a trei verticale pentru<br \/>\nvinurile din gama Selection a Rubin, Diamant \u0219i Argilla.<\/p>\n<p>&nbsp;<\/p>\n<p>Diamant este un cupaj complex de Feteasc\u0103 Regal\u0103 \u015fi Feteasc\u0103 Alb\u0103, un vin matur, cu mult\u0103<br \/>\nprospe\u0163ime, ce etaleaz\u0103 un evantai aromatic sofisticat \u015fi echilibrat. Culoarea vinului este galben<br \/>\nauriu, str\u0103lucitor, iar nasul este exotic, cu anason \u015fi pepene galben, la care se adaug\u0103 o not\u0103<br \/>\ndiscret\u0103 de lemn \u015fi vanilie. Corpul este masiv \u015fi onctuos, cu o bun\u0103 aciditate \u015fi o textur\u0103<br \/>\ncompact\u0103. Gustul, intens, aduce un mix complex de m\u0103r copt, par\u0103 bergamot\u0103 \u015fi ananas, bine<br \/>\nsus\u0163inut, \u00een plan secund, de senza\u0163ii mentolate \u015fi minerale. Postgustul, lung \u015fi elegant, las\u0103<br \/>\nimpresii am\u0103rui, de citrice coapte \u015fi aluzii dulci condimentate.<\/p>\n","protected":false},"excerpt":{"rendered":"<p>Verticala Diamant 2019, 2020, 2021 &nbsp; Verticalele de vinuri Villa &hellip;<\/p>\n","protected":false},"featured_media":262,"comment_status":"open","ping_status":"closed","template":"","meta":[],"product_brand":[],"product_cat":[52,54,287,56],"product_tag":[],"class_list":{"0":"post-222","1":"product","2":"type-product","3":"status-publish","4":"has-post-thumbnail","6":"product_cat-sec","7":"product_cat-selection","8":"product_cat-verticala","9":"product_cat-vin-alb","11":"first","12":"instock","13":"taxable","14":"shipping-taxable","15":"purchasable","16":"product-type-simple"},"yoast_head":"<!-- This site is optimized with the Yoast SEO plugin v27.4 - https:\/\/yoast.com\/product\/yoast-seo-wordpress\/ -->\n<title>Verticala Diamant 2019, 2020, 2021 - Villa Vinea<\/title>\n<meta name=\"robots\" content=\"index, follow, max-snippet:-1, max-image-preview:large, max-video-preview:-1\" \/>\n<link rel=\"canonical\" href=\"https:\/\/villavinea.com\/index.php\/product\/verticala-diamant-2019-2020-2021\/\" \/>\n<meta property=\"og:locale\" content=\"en_US\" \/>\n<meta property=\"og:type\" content=\"article\" \/>\n<meta property=\"og:title\" content=\"Verticala Diamant 2019, 2020, 2021 - Villa Vinea\" \/>\n<meta property=\"og:description\" content=\"Verticala Diamant 2019, 2020, 2021 &nbsp; Verticalele de vinuri Villa &hellip;\" \/>\n<meta property=\"og:url\" content=\"https:\/\/villavinea.com\/index.php\/product\/verticala-diamant-2019-2020-2021\/\" \/>\n<meta property=\"og:site_name\" content=\"Villa Vinea\" \/>\n<meta property=\"article:publisher\" content=\"https:\/\/www.facebook.com\/VillaVinea\" \/>\n<meta property=\"article:modified_time\" content=\"2024-07-01T08:12:25+00:00\" \/>\n<meta property=\"og:image\" content=\"https:\/\/villavinea.com\/wp-content\/uploads\/2024\/07\/diamant1.png\" \/>\n\t<meta property=\"og:image:width\" content=\"1248\" \/>\n\t<meta property=\"og:image:height\" content=\"905\" \/>\n\t<meta property=\"og:image:type\" content=\"image\/png\" \/>\n<meta name=\"twitter:card\" content=\"summary_large_image\" \/>\n<meta name=\"twitter:label1\" content=\"Est. reading time\" \/>\n\t<meta name=\"twitter:data1\" content=\"1 minute\" \/>\n<script type=\"application\/ld+json\" class=\"yoast-schema-graph\">{\"@context\":\"https:\\\/\\\/schema.org\",\"@graph\":[{\"@type\":\"WebPage\",\"@id\":\"https:\\\/\\\/villavinea.com\\\/index.php\\\/product\\\/verticala-diamant-2019-2020-2021\\\/\",\"url\":\"https:\\\/\\\/villavinea.com\\\/index.php\\\/product\\\/verticala-diamant-2019-2020-2021\\\/\",\"name\":\"Verticala Diamant 2019, 2020, 2021 - Villa Vinea\",\"isPartOf\":{\"@id\":\"https:\\\/\\\/villavinea.com\\\/#website\"},\"primaryImageOfPage\":{\"@id\":\"https:\\\/\\\/villavinea.com\\\/index.php\\\/product\\\/verticala-diamant-2019-2020-2021\\\/#primaryimage\"},\"image\":{\"@id\":\"https:\\\/\\\/villavinea.com\\\/index.php\\\/product\\\/verticala-diamant-2019-2020-2021\\\/#primaryimage\"},\"thumbnailUrl\":\"https:\\\/\\\/villavinea.com\\\/wp-content\\\/uploads\\\/2024\\\/07\\\/diamant1.png\",\"datePublished\":\"2024-07-01T08:12:00+00:00\",\"dateModified\":\"2024-07-01T08:12:25+00:00\",\"breadcrumb\":{\"@id\":\"https:\\\/\\\/villavinea.com\\\/index.php\\\/product\\\/verticala-diamant-2019-2020-2021\\\/#breadcrumb\"},\"inLanguage\":\"en-US\",\"potentialAction\":[{\"@type\":\"ReadAction\",\"target\":[\"https:\\\/\\\/villavinea.com\\\/index.php\\\/product\\\/verticala-diamant-2019-2020-2021\\\/\"]}]},{\"@type\":\"ImageObject\",\"inLanguage\":\"en-US\",\"@id\":\"https:\\\/\\\/villavinea.com\\\/index.php\\\/product\\\/verticala-diamant-2019-2020-2021\\\/#primaryimage\",\"url\":\"https:\\\/\\\/villavinea.com\\\/wp-content\\\/uploads\\\/2024\\\/07\\\/diamant1.png\",\"contentUrl\":\"https:\\\/\\\/villavinea.com\\\/wp-content\\\/uploads\\\/2024\\\/07\\\/diamant1.png\",\"width\":1248,\"height\":905},{\"@type\":\"BreadcrumbList\",\"@id\":\"https:\\\/\\\/villavinea.com\\\/index.php\\\/product\\\/verticala-diamant-2019-2020-2021\\\/#breadcrumb\",\"itemListElement\":[{\"@type\":\"ListItem\",\"position\":1,\"name\":\"Home\",\"item\":\"https:\\\/\\\/villavinea.com\\\/\"},{\"@type\":\"ListItem\",\"position\":2,\"name\":\"Vinurile noastre\",\"item\":\"https:\\\/\\\/villavinea.com\\\/index.php\\\/shop-ro-2\\\/\"},{\"@type\":\"ListItem\",\"position\":3,\"name\":\"Verticala Diamant 2019, 2020, 2021\"}]},{\"@type\":\"WebSite\",\"@id\":\"https:\\\/\\\/villavinea.com\\\/#website\",\"url\":\"https:\\\/\\\/villavinea.com\\\/\",\"name\":\"Villa Vinea\",\"description\":\"\",\"publisher\":{\"@id\":\"https:\\\/\\\/villavinea.com\\\/#organization\"},\"potentialAction\":[{\"@type\":\"SearchAction\",\"target\":{\"@type\":\"EntryPoint\",\"urlTemplate\":\"https:\\\/\\\/villavinea.com\\\/?s={search_term_string}\"},\"query-input\":{\"@type\":\"PropertyValueSpecification\",\"valueRequired\":true,\"valueName\":\"search_term_string\"}}],\"inLanguage\":\"en-US\"},{\"@type\":\"Organization\",\"@id\":\"https:\\\/\\\/villavinea.com\\\/#organization\",\"name\":\"Villa Vinea\",\"url\":\"https:\\\/\\\/villavinea.com\\\/\",\"logo\":{\"@type\":\"ImageObject\",\"inLanguage\":\"en-US\",\"@id\":\"https:\\\/\\\/villavinea.com\\\/#\\\/schema\\\/logo\\\/image\\\/\",\"url\":\"https:\\\/\\\/villavinea.com\\\/wp-content\\\/uploads\\\/2024\\\/07\\\/Logo-Villa-Vinea.png\",\"contentUrl\":\"https:\\\/\\\/villavinea.com\\\/wp-content\\\/uploads\\\/2024\\\/07\\\/Logo-Villa-Vinea.png\",\"width\":1525,\"height\":508,\"caption\":\"Villa Vinea\"},\"image\":{\"@id\":\"https:\\\/\\\/villavinea.com\\\/#\\\/schema\\\/logo\\\/image\\\/\"},\"sameAs\":[\"https:\\\/\\\/www.facebook.com\\\/VillaVinea\",\"https:\\\/\\\/www.instagram.com\\\/villavinearomania\\\/\",\"https:\\\/\\\/www.youtube.com\\\/@VillaVineaMures\"]}]}<\/script>\n<!-- \/ Yoast SEO plugin. -->","yoast_head_json":{"title":"Verticala Diamant 2019, 2020, 2021 - Villa Vinea","robots":{"index":"index","follow":"follow","max-snippet":"max-snippet:-1","max-image-preview":"max-image-preview:large","max-video-preview":"max-video-preview:-1"},"canonical":"https:\/\/villavinea.com\/index.php\/product\/verticala-diamant-2019-2020-2021\/","og_locale":"en_US","og_type":"article","og_title":"Verticala Diamant 2019, 2020, 2021 - Villa Vinea","og_description":"Verticala Diamant 2019, 2020, 2021 &nbsp; Verticalele de vinuri Villa &hellip;","og_url":"https:\/\/villavinea.com\/index.php\/product\/verticala-diamant-2019-2020-2021\/","og_site_name":"Villa Vinea","article_publisher":"https:\/\/www.facebook.com\/VillaVinea","article_modified_time":"2024-07-01T08:12:25+00:00","og_image":[{"width":1248,"height":905,"url":"https:\/\/villavinea.com\/wp-content\/uploads\/2024\/07\/diamant1.png","type":"image\/png"}],"twitter_card":"summary_large_image","twitter_misc":{"Est. reading time":"1 minute"},"schema":{"@context":"https:\/\/schema.org","@graph":[{"@type":"WebPage","@id":"https:\/\/villavinea.com\/index.php\/product\/verticala-diamant-2019-2020-2021\/","url":"https:\/\/villavinea.com\/index.php\/product\/verticala-diamant-2019-2020-2021\/","name":"Verticala Diamant 2019, 2020, 2021 - Villa Vinea","isPartOf":{"@id":"https:\/\/villavinea.com\/#website"},"primaryImageOfPage":{"@id":"https:\/\/villavinea.com\/index.php\/product\/verticala-diamant-2019-2020-2021\/#primaryimage"},"image":{"@id":"https:\/\/villavinea.com\/index.php\/product\/verticala-diamant-2019-2020-2021\/#primaryimage"},"thumbnailUrl":"https:\/\/villavinea.com\/wp-content\/uploads\/2024\/07\/diamant1.png","datePublished":"2024-07-01T08:12:00+00:00","dateModified":"2024-07-01T08:12:25+00:00","breadcrumb":{"@id":"https:\/\/villavinea.com\/index.php\/product\/verticala-diamant-2019-2020-2021\/#breadcrumb"},"inLanguage":"en-US","potentialAction":[{"@type":"ReadAction","target":["https:\/\/villavinea.com\/index.php\/product\/verticala-diamant-2019-2020-2021\/"]}]},{"@type":"ImageObject","inLanguage":"en-US","@id":"https:\/\/villavinea.com\/index.php\/product\/verticala-diamant-2019-2020-2021\/#primaryimage","url":"https:\/\/villavinea.com\/wp-content\/uploads\/2024\/07\/diamant1.png","contentUrl":"https:\/\/villavinea.com\/wp-content\/uploads\/2024\/07\/diamant1.png","width":1248,"height":905},{"@type":"BreadcrumbList","@id":"https:\/\/villavinea.com\/index.php\/product\/verticala-diamant-2019-2020-2021\/#breadcrumb","itemListElement":[{"@type":"ListItem","position":1,"name":"Home","item":"https:\/\/villavinea.com\/"},{"@type":"ListItem","position":2,"name":"Vinurile noastre","item":"https:\/\/villavinea.com\/index.php\/shop-ro-2\/"},{"@type":"ListItem","position":3,"name":"Verticala Diamant 2019, 2020, 2021"}]},{"@type":"WebSite","@id":"https:\/\/villavinea.com\/#website","url":"https:\/\/villavinea.com\/","name":"Villa Vinea","description":"","publisher":{"@id":"https:\/\/villavinea.com\/#organization"},"potentialAction":[{"@type":"SearchAction","target":{"@type":"EntryPoint","urlTemplate":"https:\/\/villavinea.com\/?s={search_term_string}"},"query-input":{"@type":"PropertyValueSpecification","valueRequired":true,"valueName":"search_term_string"}}],"inLanguage":"en-US"},{"@type":"Organization","@id":"https:\/\/villavinea.com\/#organization","name":"Villa Vinea","url":"https:\/\/villavinea.com\/","logo":{"@type":"ImageObject","inLanguage":"en-US","@id":"https:\/\/villavinea.com\/#\/schema\/logo\/image\/","url":"https:\/\/villavinea.com\/wp-content\/uploads\/2024\/07\/Logo-Villa-Vinea.png","contentUrl":"https:\/\/villavinea.com\/wp-content\/uploads\/2024\/07\/Logo-Villa-Vinea.png","width":1525,"height":508,"caption":"Villa Vinea"},"image":{"@id":"https:\/\/villavinea.com\/#\/schema\/logo\/image\/"},"sameAs":["https:\/\/www.facebook.com\/VillaVinea","https:\/\/www.instagram.com\/villavinearomania\/","https:\/\/www.youtube.com\/@VillaVineaMures"]}]}},"jetpack_sharing_enabled":true,"_links":{"self":[{"href":"https:\/\/villavinea.com\/index.php\/wp-json\/wp\/v2\/product\/222","targetHints":{"allow":["GET"]}}],"collection":[{"href":"https:\/\/villavinea.com\/index.php\/wp-json\/wp\/v2\/product"}],"about":[{"href":"https:\/\/villavinea.com\/index.php\/wp-json\/wp\/v2\/types\/product"}],"replies":[{"embeddable":true,"href":"https:\/\/villavinea.com\/index.php\/wp-json\/wp\/v2\/comments?post=222"}],"wp:featuredmedia":[{"embeddable":true,"href":"https:\/\/villavinea.com\/index.php\/wp-json\/wp\/v2\/media\/262"}],"wp:attachment":[{"href":"https:\/\/villavinea.com\/index.php\/wp-json\/wp\/v2\/media?parent=222"}],"wp:term":[{"taxonomy":"product_brand","embeddable":true,"href":"https:\/\/villavinea.com\/index.php\/wp-json\/wp\/v2\/product_brand?post=222"},{"taxonomy":"product_cat","embeddable":true,"href":"https:\/\/villavinea.com\/index.php\/wp-json\/wp\/v2\/product_cat?post=222"},{"taxonomy":"product_tag","embeddable":true,"href":"https:\/\/villavinea.com\/index.php\/wp-json\/wp\/v2\/product_tag?post=222"}],"curies":[{"name":"wp","href":"https:\/\/api.w.org\/{rel}","templated":true}]}}